se
Is 2537 a multiple of 59?
True
Does 19 divide 680?
False
Is 28 a factor of 135051?
False
Does 46 divide 598?
True
Is 42 a factor of 848?
False
Is 128 a factor of 25203?
False
Is 9 a factor of 3425?
False
Is 320 a factor of 19200?
True
Is 19 a factor of 608?
True
Does 7 divide 420?
True
Is 144 a multiple of 12?
True
Does 54 divide 594?
True
Is 18 a factor of 8321?
False
Is 60 a multiple of 10?
True
Is 2416 a multiple of 66?
False
Does 31 divide 351?
False
Is 26 a factor of 27120?
False
Is 45 a factor of 487?
False
Is 37 a factor of 34151?
True
Is 103 a factor of 12772?
True
Is 390 a multiple of 15?
True
Does 41 divide 14185?
False
Is 62 a factor of 12098?
False
Is 45 a factor of 1440?
True
Does 252 divide 252?
True
Is 86 a factor of 40429?
False
Is 12 a factor of 1725?
False
Is 2 a factor of 89?
False
Is 52 a factor of 23972?
True
Is 23 a factor of 92?
True
Is 157 a multiple of 4?
False
Is 6911 a multiple of 46?
False
Does 8 divide 1584?
True
Does 12 divide 192?
True
Is 20304 a multiple of 27?
True
Is 38816 a multiple of 32?
True
Is 4641 a multiple of 21?
True
Does 22 divide 1206?
False
Does 23 divide 1472?
True
Is 420 a multiple of 10?
True
Is 4644 a multiple of 18?
True
Does 7 divide 1364?
False
Does 25 divide 500?
True
Does 5 divide 3080?
True
Does 134 divide 1729?
False
Is 74420 a multiple of 159?
False
Does 34 divide 3604?
True
Is 114912 a multiple of 299?
False
Is 49 a factor of 16954?
True
Does 22 divide 352?
True
Does 7 divide 630?
True
Is 29 a factor of 2726?
True
Is 1518 a multiple of 11?
True
Is 6 a factor of 714?
True
Is 11 a factor of 1672?
True
Does 59 divide 1534?
True
Does 14 divide 10556?
True
Is 12 a factor of 267?
False
Is 2456 a multiple of 90?
False
Does 7 divide 126?
True
Is 20 a factor of 6485?
False
Does 20 divide 4580?
True
Is 34 a factor of 4658?
True
Is 10 a factor of 3011?
False
Is 2085 a multiple of 15?
True
Is 16 a factor of 176?
True
Does 162 divide 105234?
False
Is 10 a factor of 1500?
True
Does 45 divide 405?
True
Is 616 a multiple of 22?
True
Is 11 a factor of 517?
True
Is 8 a factor of 426?
False
Is 18 a factor of 36?
True
Is 18870 a multiple of 15?
True
Does 55 divide 220?
True
Is 23 a factor of 391?
True
Is 4914 a multiple of 78?
True
Is 7 a factor of 112?
True
Is 40180 a multiple of 43?
False
Is 17278 a multiple of 40?
False
Is 4 a factor of 25816?
True
Is 3167 a multiple of 132?
False
Does 85 divide 4420?
True
Is 2304 a multiple of 18?
True
Does 58 divide 23490?
True
Does 125 divide 8526?
False
Is 2220 a multiple of 37?
True
Is 84 a factor of 1059?
False
Is 7 a factor of 434?
True
Does 44 divide 396?
True
Is 6 a factor of 650?
False
Does 12 divide 64392?
True
Is 20 a factor of 1553?
False
Is 32 a factor of 352?
True
Does 19 divide 15010?
True
Does 12 divide 42?
False
Is 32 a factor of 2816?
True
Does 31 divide 392?
False
Is 307 a multiple of 4?
False
Is 842 a multiple of 20?
False
Does 31 divide 1674?
True
Is 87 a factor of 8526?
True
Is 44 a factor of 5456?
True
Does 4 divide 3568?
True
Does 19 divide 88?
False
Is 10 a factor of 270?
True
Is 72527 a multiple of 207?
False
Is 720 a multiple of 12?
True
Is 16 a factor of 271?
False
Is 17 a factor of 926?
False
Is 11 a factor of 4730?
True
Is 344 a multiple of 14?
False
Is 942 a multiple of 23?
False
Is 45 a factor of 5265?
True
Does 8 divide 252?
False
Is 2 a factor of 3140?
True
Is 138 a multiple of 46?
True
Does 2 divide 356?
True
Does 26 divide 1430?
True
Does 72 divide 9460?
False
Does 20 divide 520?
True
Is 32684 a multiple of 50?
False
Does 99 divide 7128?
True
Is 14 a multiple of 2?
True
Does 116 divide 5220?
True
Does 15 divide 25891?
False
Is 2583 a multiple of 9?
True
Is 80 a factor of 1313?
False
Is 2096 a multiple of 16?
True
Does 90 divide 23815?
False
Is 612 a multiple of 34?
True
Is 23 a factor of 8073?
True
Is 122439 a multiple of 148?
False
Does 7 divide 95?
False
Is 36 a factor of 1117?
False
Is 29 even?
False
Is 46 a factor of 1058?
True
Does 76 divide 13984?
True
Is 192 a multiple of 4?
True
Does 13 divide 3601?
True
Is 14 a factor of 490?
True
Is 12026 a multiple of 20?
False
Is 18 a factor of 3546?
True
Is 16555 even?
False
Is 10 a factor of 5801?
False
Does 3 divide 188?
False
Is 29469 a multiple of 55?
False
Is 6762 a multiple of 14?
True
Does 35 divide 16030?
True
Does 42 divide 2178?
False
Is 1168 a multiple of 4?
True
Is 18 a factor of 846?
True
Is 8 a factor of 3469?
False
Is 228 a multiple of 19?
True
Does 49 divide 441?
True
Is 70 a factor of 9450?
True
Does 34 divide 34?
True
Is 12 a factor of 3096?
True
Is 5037 a multiple of 23?
True
Is 756 a multiple of 63?
True
Is 3780 a multiple of 5?
True
Does 37 divide 576?
False
Does 16 divide 18066?
False
Is 27 a factor of 1237?
False
Is 3576 a multiple of 10?
False
Is 21 a factor of 357?
True
Is 35 a factor of 64?
False
Does 92 divide 71356?
False
Is 46 a factor of 21729?
False
Does 9 divide 2454?
False
Does 70 divide 9261?
False
Is 3276 a multiple of 12?
True
Does 111 divide 28749?
True
Does 8 divide 952?
True
Is 765 a multiple of 5?
True
Does 72 divide 11862?
False
Is 10 a factor of 987?
False
Is 899 a multiple of 31?
True
Is 1296 a multiple of 18?
True
Does 23 divide 184?
True
Is 10100 a multiple of 25?
True
Does 12 divide 7177?
False
Is 44 a factor of 396?
True
Is 11 a factor of 41?
False
Does 58 divide 1566?
True
Does 5 divide 122?
False
Does 8 divide 11030?
False
Does 35 divide 1215?
False
Is 3627 a multiple of 15?
False
Does 61 divide 2298?
False
Does 60 divide 960?
True
Is 12 a factor of 1582?
False
Does 13 divide 429?
True
Is 102 a multiple of 17?
True
Does 19 divide 6615?
False
Is 223 a multiple of 27?
False
Does 109 divide 1308?
True
Does 5 divide 18341?
False
Is 127194 a multiple of 51?
True
Is 9960 a multiple of 15?
True
Is 4428 a multiple of 6?
True
Is 114 a multiple of 42?
False
Is 13 a factor of 1516?
False
Is 59072 a multiple of 117?
False
Does 13 divide 3136?
False
Is 79 a factor of 6230?
False
Does 10 divide 1485?
False
Is 67 a factor of 1945?
False
Is 20332 a multiple of 13?
True
Is 143 a factor of 11338?
False
Does 22 divide 594?
True
Is 796 a multiple of 35?
False
Is 29 a factor of 609?
True
Does 5 divide 1459?
False
Does 3 divide 3?
True
Does 115 divide 18495?
False
Is 104 a multiple of 4?
True
Is 6 a factor of 732?
True
Is 16 a factor of 995?
False
Is 6 a factor of 270?
True
Is 18 a factor of 414?
True
Is 100 a multiple of 3?
False
Is 2430 a multiple of 29?
False
Does 35 divide 1981?
False
Is 12625 a multiple of 3?
False
Does 33 divide 31999?
False
Is 1465 a multiple of 133?
False
Does 2 divide 96?
True
Is 693 a multiple of 33?
True
Does 7 divide 6244?
True
Does 175 divide 68648?
False
Is 37886 a multiple of 8?
False
Does 65 divide 325?
True
Does 10 divide 13320?
True
Is 18 a factor of 5994?
True
Does 13 divide 38643?
False
Is 21 a factor of 355?
False
Is 3500 a multiple of 25?
True
Is 4 a factor of 401?
False
Is 56764 a multiple of 23?
True
Is 6 a factor of 39090?
True
Is 1886 even?
True
Is 19 a factor of 7132?
False
Does 17 divide 3341?
False
Is 142 a multiple of 23?
False
Is 24 a factor of 301?
False
Does 21 divide 1780?
False
Does 75 divide 163434?
False
Does 12 divide 299?
False
Does 45 divide 1698?
False
Does 8 divide 4584?
True
Does 9 divide 1647?
True
Does 31 divide 1200?
False
Is 9 a factor of 41746?
False
Is 59 a factor of 767?
True
Is 93 a factor of 55516?
False
Is 18977 a multiple of 12?
False
Is 26 a factor of 962?
True
Is 24 a factor of 528?
True
Does 348 divide 102699?
False
Is 3893 a multiple of 28?
False
Is 2 a factor of 433?
False
Is 3220 a multiple of 7?
True
Is 9282 a multiple of 102?
True
Is 17574 a multiple of 5?
False
Does 17 divide 1621?
False
Is 2846 a multiple of 25?
False
Is 725 a multiple of 20?
False
Is 20796 a multiple of 12?
True
Does 6 divide 117?
False
Is 189 a multiple of 21?
True
Is 16191 a multiple of 16?
False
Is 205 a multiple of 41?
True
Does 34 divide 35292?
True
Is 3589 a multiple of 97?
True
Is 6700 a multiple of 10?
True
Is 2 a factor of 294?
True
Is 768 a multiple of 12?
True
Does 45 divide 6729?
False
Is 5 a factor of 2624?
False
Does 31 divide 2363?
False
Is 18398 a multiple of 2?
True
Does 3 divide 181?
False
Is 11 a factor of 300?
False
Is 108314 a multiple of 217?
False
Does 16 divide 1055?
False
Does 33 